 z. Suppose -5*b + 975 = n*w + 2*w, -w = -2*b - 204. List the prime factors of w.
2, 3, 11
Let t(h) = 275*h**3 - 9*h**2 + 5*h + 1. Let o(m) = m**3 + m**2 - m. Let v(y) = 6*o(y) + t(y). List the prime factors of v(1).
2, 139
Let j be 1/(-2) - 84/(-8). Let l be -1*(54/j + 6/10). Let a(f) = f**3 + 11*f**2 + 8*f + 1. What are the prime factors of a(l)?
7, 19
Suppose 120631 + 488377 = 13*o - 5970. What are the prime factors of o?
2, 7, 31, 109
Let w(d) = -d**2 - 29*d + 121. Let c be w(-33). What are the prime factors of (-31)/3*(4 + c + 4)?
31
Suppose -24062 = -3*z - 4*o, 42*z = 46*z - o - 32108. List the prime factors of z.
2, 4013
Let d(h) = 2*h**2 + 9*h + 16. Let g be d(-3). Suppose -5216 = -g*q + 2*q + 3*s, -3 = -s. List the prime factors of q.
5, 11, 19
Let b(g) = 4438*g**2 + 118*g + 230. What are the prime factors of b(-2)?
2, 19, 467
Suppose i = -4*x + 89933, -2*i = -5*x - 3*i + 112415. List the prime factors of x.
2, 3, 1249
Suppose 0 = 65*p + 2187436 - 5953666. List the prime factors of p.
2, 3, 29, 37
Suppose 8*k - 3*k - 2*t = -2284, k + 4*t = -470. Let b = k + 645. List the prime factors of b.
11, 17
Let h(w) = 4*w**3 + 0*w**2 + 0 - 2*w**2 + 1 + w**3. Let p be h(1). Suppose -96 = -b + c, -p*b - 31 = c - 390. What are the prime factors of b?
7, 13
Suppose -11*r = 47 + 19. Let y be (27 - r) + -3*1. Suppose 0 = -z + 4*t - 18, 5*z + 4*t = -0*t + y. What are the prime factors of z?
2
Let y = -53 - -55. Suppose y*r + 770 = 5*z, -z = -r - r - 146. Let q = z + -108. What are the prime factors of q?
2, 3
Let i(p) = -p**3 - 7*p**2 + 77*p + 3. Let b be i(6). Let x = -212 + 298. What are the prime factors of (-2 - (b + x))/(-1)?
5, 17
Let r = -160 - -160. Suppose r = 181*l - 187*l + 5562. What are the prime factors of l?
3, 103
Let q = 447 + -822. Suppose 0 = -4*y - 12, -2*g - 268 = y + 205. Let m = g - q. What are the prime factors of m?
2, 5, 7
Suppose 3*p + 43 = l, 6*p + 3*l = 11*p + 69. List the prime factors of (-5)/(25/3) - 3234/p.
5, 43
Suppose -5882*s - 592636 = -2952*s - 2952*s. List the prime factors of s.
2, 13469
Let j = 5666 + 3470. What are the prime factors of j?
2, 571
Suppose 47*p - 6735 = 44*p. What are the prime factors of p?
5, 449
Let i = -104 + 206. Let z be 4 + -6 - -2*i/(-4). Let p = 135 - z. List the prime factors of p.
2, 47
Suppose 5*m = -c + 10106, 0 = -c - 18*m + 23*m + 10086. List the prime factors of c.
2, 631
Suppose 5*h = -5*q - 5, 0 = 2*h - 6*h + 2*q + 14. Let i(p) = 93 + 7*p - 92 + 2*p**2 + p**3 + 10*p**h. List the prime factors of i(-6).
5, 7
What are the prime factors of (-1949466)/(-72) + (250/120)/25?
2, 7, 967
Let l(j) = -87*j - 218. Let a be l(-4). Let z(f) = -5*f + 3. Let o be z(-15). Let h = a - o. What are the prime factors of h?
2, 13
Suppose 4*u + t - 8 = 0, -8 = -2*u + 6*u + 5*t. Suppose u*g - 1810 = -2*g. What are the prime factors of g?
2, 181
List the prime factors of (2 + -1 + 0 - 2)*(-1375 + -18483).
2, 9929
List the prime factors of (866 + -4)*(15 + (-119)/34).
23, 431
Suppose u - 3*b = 1186, -u + 860 + 306 = b. Suppose 0 = w - 3*y - 397, y - u = -5*w + 2*w. List the prime factors of w.
17, 23
Suppose 6*z = z + 4*r + 34, -2*z + 2*r = -14. Suppose t = 4*i + 336, z*i = -t + i + 345. What are the prime factors of t?
2, 5, 17
Suppose -5*a + 6876 = 3*j, 9*j - 4*j - 4*a - 11534 = 0. List the prime factors of j.
2, 1151
Let n be (-9 + 4)*(-7)/5. Let g = n + -2. Suppose -2*w + 10 = 0, -3*w - 410 = -g*m - 5*w. What are the prime factors of m?
2, 5
Let k be (10175/(-20))/(511/(-84) + 6). Suppose -201*z - k = -212*z. List the prime factors of z.
3, 5, 37
List the prime factors of (-24)/30*(-11 - 18283/2).
2, 7, 523
Let t = 234 - -661. Let n = t + -759. List the prime factors of n.
2, 17
Suppose 2*z - 1 = 3*o + 6, -9 = 5*o - 4*z. List the prime factors of 24409/21 + o/15.
2, 7, 83
Let y(m) be the second derivative of m**4/4 + m**3/6 + 17*m**2/2 - m - 34. List the prime factors of y(0).
17
Suppose -11*v = 72 + 16. What are the prime factors of 1416*1 + (-7 - v - 6)?
17, 83
Suppose t = 7, -2*t + 1157 = 2*z - 126557. List the prime factors of z.
2, 5, 1277
Let c be (51/12)/(4/16). Let v(w) = w**3 - 14*w**2 + 59*w - 11. List the prime factors of v(c).
11, 13
Suppose 86408 = y - 5*m, 13*y + m = 15*y - 172744. What are the prime factors of y?
2, 2699
Let q be (-9)/(-18)*(-2 + 4250). Suppose 38*n = 34*n + q. List the prime factors of n.
3, 59
Suppose -t - 55412 = -5*h, -6140 - 4950 = -h + 4*t. List the prime factors of h.
2, 3, 1847
What are the prime factors of 6/(-9) + (-80)/(-90)*6*2081?
2, 31, 179
Suppose -4 - 5 = -2*j - c, 0 = 4*j - 3*c + 7. Suppose -o = 4*m - 11, j*m = -5*o + m + 17. What are the prime factors of -35*((-9)/o)/1?
3, 5, 7
Suppose 4*y - 106 = -28*o + 25*o, 88 = 3*y - 2*o. What are the prime factors of 45378/63 + (3 - 92/y)?
2, 3, 5
Let w = 5148 - 718. List the prime factors of w.
2, 5, 443
Let t(l) = 2*l**2 + 10*l + 5. Let p be t(-5). Let w(h) be the first derivative of 15*h**2/2 + 6*h - 2. List the prime factors of w(p).
3
Let o(j) = -101*j - 1. Let l(r) = 101*r + 2. Suppose -2*w + 0*w + 4*q + 12 = 0, 0 = -4*w + 4*q + 4. Let z(n) = w*o(n) - 3*l(n). List the prime factors of z(1).
3, 11
Let q = 85 - 82. Suppose -b - q = 0, -47 = 8*p - 3*p + 4*b. Let f = 152 + p. List the prime factors of f.
5, 29
Let y(z) be the second derivative of -13*z + 1/20*z**5 + 5/3*z**4 - 7/6*z**3 + 17/2*z**2 + 0. What are the prime factors of y(-20)?
157
Let a(t) = 4*t**2 - 3*t + 1. Let v be a(2). Let q = 130 + v. Suppose 5*j - 15 = 0, k - 5*j = -3*k + q. What are the prime factors of k?
3, 13
Let o(j) = 2*j**2 - 17*j + 76. Let f(y) = -3*y**2 + 17*y - 77. Let g(b) = -4*f(b) - 5*o(b). What are the prime factors of g(-18)?
2, 3, 5
Let a = 35895 + -21255. List the prime factors of a.
2, 3, 5, 61
Suppose f - 5657 - 9818 = 24291. What are the prime factors of f?
2, 59, 337
Suppose 0 = -179*o + 1176916 + 798460 + 356636. What are the prime factors of o?
2, 3257
Let x(g) = -8*g - 30. Let d be x(7). Let c be d/(-4) + 2 - 1/(-2). List the prime factors of (-1 + c/16)*(395 + -1).
197
Let i(x) = -420*x + 68. List the prime factors of i(-23).
2, 19
Let d = 233 - 228. Suppose -2*h + 0*u = -u - 1125, d*h = -u + 2802. List the prime factors of h.
3, 11, 17
Let b = 67 + -69. Let a be b*1 + 0 - (-21 + 6). Suppose -a*c = -7*c - 606. List the prime factors of c.
101
Let t = -102 + 255. Let d = -29 + t. List the prime factors of d.
2, 31
Suppose -15 = -3*s, -b + 20 + 11 = 5*s. Let j(f) = -f**3 + 6*f**2 - 6*f + 7. Let c be j(b). Let g = c - -41. List the prime factors of g.
2, 3
Let l(i) = -i**2 - 2*i + 24. Let u be l(-5). Suppose -u*h - 367 = -3355. What are the prime factors of h?
2, 83
Let o(u) be the first derivative of u**3/3 + 13*u**2/2 - 29*u + 11. Let i be o(-15). What are the prime factors of (75/15)/(i/47)?
5, 47
Let r be ((-36)/(-63))/((-10)/(-35)). What are the prime factors of 1 + 1 + r + (-228)/(-4)?
61
Suppose 20*t = 12*t + 8. List the prime factors of (t - (-123)/(-5))/(14/(-350)).
2, 5, 59
Let l = -1569 - -3357. Suppose -l - 394 = -2*f. List the prime factors of f.
1091
Let w = 188129 - 106123. What are the prime factors of w?
2, 131, 313
Let m(c) = 542*c**2 - 82*c - 1048. List the prime factors of m(-9).
2, 5449
Let t(q) = -22*q**3 + 6*q**2 - 114*q - 693. List the prime factors of t(-8).
11867
Suppose 168776 = 5*c - 43*j + 41*j, 5*c = -2*j + 168764. List the prime factors of c.
2, 7, 2411
Let s be 28/(-42) + (-9960)/(-9). Suppose -2*z + s - 118 = 0. List the prime factors of z.
2, 13, 19
Let r = 27 - -28. Suppose -5*u - f + 114 = 0, 41 = 4*u - 4*f - r. Let o(d) = d**2 - 17*d + 34. List the prime factors of o(u).
2, 43
Let i = -200 + 203. Suppose -i*d + 0*q + q + 1369 = 0, -3*q + 463 = d. What are the prime factors of d?
457
Let j be (-7841)/(-9) + (-2)/9. Let u(f) = 42*f - 623. Let c be u(15). Suppose -j + 339 = -c*b. What are the prime factors of b?
2, 19
Suppose -445*p + 173160 = -427*p. List the prime factors of p.
2, 5, 13, 37
Suppose 3*g = -r - 162, 0 = r - g + 6*g + 160. Let k = 251 - r. List the prime factors of k.
2, 13
Suppose -9 = -3*t - 6. Let r(g) = 2 + 2 - 3 + 75*g + 42*g + 44*g. List the prime factors of r(t).
2, 3
Suppose -5*w = 5*i - 9 - 6, -5*i - 21 = -w. Suppose -7*b + w*b + 2 = 0. Suppose -2*g = -b*t